 + n - 3. Calculate c(2).
3
Let v(a) = 2*a**2 + 2*a + 1. Give v(-4).
25
Let p(n) = 8*n**2 - 2*n - 1. Determine p(-5).
209
Let a(f) = f**2 + 2*f + 4. Give a(-3).
7
Let p(a) = -a - 23. Give p(-6).
-17
Let i(s) = -3*s**3 - 5*s**2 - s + 4. Determine i(-4).
120
Let l(x) = x**3 - 12*x**2 + 18*x - 60. Determine l(11).
17
Let d(t) = 3*t - 30. Calculate d(13).
9
Let t(s) = s**2 - 10*s + 9. Give t(10).
9
Let v(t) = -t**2 + 2*t + 20. Give v(6).
-4
Let c(g) = -6*g + 11. Give c(3).
-7
Let x(z) = -2*z - 18. Determine x(-8).
-2
Let q(t) = 43*t - 10. Give q(-3).
-139
Let u(y) = -6*y**2 + 6*y - 8. Determine u(2).
-20
Let x(t) = -t**3 - 16*t**2 - 46*t + 21. Determine x(-12).
-3
Let j(g) = -2*g + 20. Calculate j(0).
20
Let s(a) = 60*a + 66. Determine s(-1).
6
Let c(b) = -b**3 - 38*b**2 - 39*b - 76. Give c(-37).
-2
Let w(g) = -g**2 + 2*g - 6. What is w(4)?
-14
Let d(k) = 19*k**2 - 1. Calculate d(1).
18
Let k(p) = -2*p**2 - p - 5. Calculate k(-4).
-33
Let a(s) = 6*s - 63. What is a(12)?
9
Let g(w) = -2*w**2 + 11*w - 3. Calculate g(5).
2
Let b(r) = -r**2 - 15*r + 75. Give b(-20).
-25
Let y(l) = 48*l**2. Calculate y(-1).
48
Let n(q) = q**3 - 3*q**2 - 3*q + 5. What is n(3)?
-4
Let t(i) = i**3 - 2*i**2 + 7*i - 22. Determine t(3).
8
Let v(w) = -w**2 + 2*w + 6. Give v(-3).
-9
Let v(y) = -8*y + 17. Determine v(5).
-23
Let q(m) = m**3 + 2*m**2 + m + 2. Determine q(-3).
-10
Let n(j) = j**3 + 6*j**2 + j + 1. What is n(-6)?
-5
Let n(l) = l**2 + 30*l + 122. Give n(-25).
-3
Let w(v) = -v**2 - 9*v + 3. Calculate w(-9).
3
Let b(p) = -15*p + 29. Determine b(3).
-16
Let j(k) = -k**3 - 10*k**2 - 5*k - 1. Calculate j(-9).
-37
Let j(g) = -g**2 - 7*g + 27. Give j(-8).
19
Let j(w) = -w - 21. Give j(-16).
-5
Let h(s) = -s**3 - 6*s**2 - s - 4. Calculate h(-5).
-24
Let u(m) = -5*m**2 - 23*m + 5. Calculate u(-5).
-5
Let y(h) = -h**3 - 5*h**2 - 4*h - 5. What is y(-5)?
15
Let j(l) = -l**3 + 29*l**2 + 61*l + 27. What is j(31)?
-4
Let p(l) = -8*l - 2. Give p(4).
-34
Let i(w) = -w**3 - 7*w**2 - 7*w - 30. Give i(-7).
19
Let q(m) = m + 12. Calculate q(-8).
4
Let g(j) = -j**2 + 14*j. Determine g(13).
13
Let w(r) = -8*r - 29. Determine w(4).
-61
Let w(p) = -24*p + 16. Calculate w(2).
-32
Let x(f) = -f + 17. Determine x(0).
17
Let w(p) = -3*p**3 - 3*p**2 - 4*p - 2. Give w(-2).
18
Let i(h) = h**3 - 19*h**2 - 21*h + 35. What is i(20)?
15
Let f(o) = -35*o. What is f(-2)?
70
Let l(v) = -93*v**2 + 3*v - 2. Give l(1).
-92
Let s(z) = z**3 - 15*z**2 + 13*z + 28. Calculate s(14).
14
Let i(b) = 8*b**2 - 2*b + 2. Calculate i(1).
8
Let s(x) = 9*x + 202. Determine s(-23).
-5
Let q(c) = c**3 + 4*c**2 + 6*c. Determine q(-5).
-55
Let c(u) = -u**2 + 48*u + 794. What is c(-13)?
1
Let d(w) = -w**2 - 4*w - 4. Determine d(-4).
-4
Let g(c) = c - 23. What is g(13)?
-10
Let s(y) = 6*y - 8. Determine s(6).
28
Let a(m) = 12*m + 115. What is a(-10)?
-5
Let m(g) = g**2 + 14*g + 9. Calculate m(-13).
-4
Let k(x) = 2*x**2 - 6*x - 41. What is k(8)?
39
Let a(b) = 15*b - 5. Determine a(10).
145
Let v(l) = -l**3 - 15*l**2 + l + 9. Calculate v(-15).
-6
Let k(j) = -7*j + 25. Determine k(4).
-3
Let v(t) = -t**3 - 10*t**2 - 8*t - 20. Determine v(-10).
60
Let o(a) = a**3 - 21*a**2 - 45*a - 26. Determine o(23).
-3
Let g(k) = -k**2 + k + 9. Determine g(-4).
-11
Let n(s) = -s**2 + 4*s + 4. What is n(3)?
7
Let t(y) = y**3 + 8*y**2 - 6*y. Calculate t(-8).
48
Let i(g) = -4*g + 43. What is i(10)?
3
Let a(s) = -s**3 + 13*s**2 - 10*s - 18. Determine a(12).
6
Let k(o) = o**2 - 8*o + 12. Calculate k(7).
5
Let g(h) = -h**2 + 28*h - 178. Determine g(18).
2
Let i(k) = -2*k**3 - 69*k**2 - 34*k - 2. Calculate i(-34).
-2
Let j(k) = k + 3. Calculate j(-3).
0
Let l(n) = -9*n**2 - 6*n + 3. Determine l(2).
-45
Let s(k) = -2*k + 17. Give s(7).
3
Let v(i) = -2*i**3 - 40*i**2 - 41. Determine v(-20).
-41
Let v(a) = a**3 - 2*a**2 - a - 10. What is v(3)?
-4
Let z(o) = -o**3 - 10*o**2 - o - 9. Calculate z(-10).
1
Let y(d) = -d**3 + 6*d**2 - 4*d - 8. Calculate y(4).
8
Let d(g) = 4*g - 4. Give d(-3).
-16
Let i(b) = -b**2 - b + 3. What is i(2)?
-3
Let j(g) = -g**3 - 7*g**2 + 11*g + 8. What is j(-8)?
-16
Let s(o) = -2*o**3 - 22*o**2 - 25*o - 42. Calculate s(-10).
8
Let j(f) = f**2 + 7*f - 5. What is j(-6)?
-11
Let z(v) = -2*v**3 - 60*v**2 + 56*v - 192. What is z(-31)?
-6
Let b(a) = -13*a + 25. Determine b(2).
-1
Let j(k) = k**2 + 9*k - 82. Determine j(6).
8
Let f(z) = -z**3 - 14*z**2 - 12*z + 1. Determine f(-13).
-12
Let j(b) = 3*b - 34. Determine j(10).
-4
Let z(f) = -f**3 - 5*f**2 - 8*f - 3. Determine z(-5).
37
Let d(k) = k**2 - 11*k - 13. What is d(13)?
13
Let y(j) = j + 42. Give y(-6).
36
Let u(k) = 2*k**2 + 6*k + 7. Give u(-5).
27
Let n(w) = w**2 + 4*w + 5. What is n(0)?
5
Let m(a) = -2*a**2 + 21*a - 62. Calculate m(6).
-8
Let l(b) = -b**2 - b. Give l(0).
0
Let c(z) = 71*z + 5. What is c(-1)?
-66
Let w(v) = v**2 - 8*v - 12. Calculate w(10).
8
Let v(q) = -2*q**2 + 13*q - 10. Calculate v(8).
-34
Let g(k) = -k**3 + 6*k**2 + 9*k - 10. What is g(7)?
4
Let y(m) = -11*m**3 + m**2 - 2*m. Give y(1).
-12
Let j(x) = x**3 - 14*x**2 - 10*x - 77. What is j(15)?
-2
Let j(n) = -3*n**2 + 1. Determine j(4).
-47
Let l(d) = -13*d - 255. Calculate l(-20).
5
Let y(m) = -m**3 - 31*m**2 - 32*m - 58. What is y(-30)?
2
Let j(s) = s**2 - 4. Calculate j(0).
-4
Let o(k) = 5*k**2 + 8*k + 15. Determine o(-2).
19
Let o(n) = n**2 + n + 13. Calculate o(0).
13
Let u(x) = 62*x**2 + x - 1. Determine u(1).
62
Let m(o) = 2*o**2 - 10*o - 12. What is m(8)?
36
Let d(s) = -s + 29. Determine d(-4).
33
Let y(l) = -2*l**3 + 1. Determine y(1).
-1
Let p(z) = 3*z + 24. Give p(-8).
0
Let d(s) = -s**3 - 9*s**2 - 6*s + 8. Determine d(-8).
-8
Let m(a) = a**3 - 19*a**2 + 42*a - 147. Determine m(17).
-11
Let j(o) = -o**3 - 4*o**2 - 3*o + 3. Calculate j(-3).
3
Let r(u) = u - 1. Give r(5).
4
Let o(b) = -3*b + 78. Give o(30).
-12
Let u(p) = -2*p**2 + 11*p + 32. What is u(7)?
11
Let d(n) = -4*n**2 - 2*n - 1. What is d(-2)?
-13
Let z(y) = -y + 14. Give z(8).
6
Let p(x) = -x + 3. Calculate p(4).
-1
Let r(h) = h**2 - 4*h + 2. What is r(3)?
-1
Let x(j) = 5*j**3 - 9*j**2 + j - 1. Give x(2).
5
Let w(f) = 32*f. Determine w(1).
32
Let x(j) = j**3 + 11*j**2 - 10*j + 8. Give x(-12).
-16
Let g(i) = 11*i + 420. Give g(-39).
-9
Let q(y) = -y**2 - 15*y - 17. Calculate q(-14).
-3
Let p(s) = s**3 + s**2 + 9*s - 11. Calculate p(0).
-11
Let l(j) = -18*j - 395. Calculate l(-22).
1
Let v(o) = o**3 + 8*o**2 - 21*o + 7. What is v(-10)?
17
Let x(i) = -i - 4. What is x(-1)?
-3
Let x(d) = -d**2 - 11*d - 9. What is x(-7)?
19
Let y(x) = x**2 + 2*x - 137. Calculate y(11).
6
Let u(t) = -2*t - 16. Calculate u(-4).
-8
Let x(r) = -r**2 + 7*r - 8. Calculate x(13).
-86
Let z(a) = -a**3 - 13*a**2 - 13*a + 5. Give z(-12).
17
Let g(n) = -n**3 + 3*n**2 + 5*n + 7. Give g(5).
-18
Let u(p) = -p**3 + 8*p**2 + 9*p. Calculate u(9).
0
Let r(t) = -t**3 + 2*t**2 - t - 37. Determine r(0).
-37
Let l(o) = -4*o + 28. What is l(8)?
-4
Let b(g) = 2*g**2 + 5*g - 2. Give b(3).
31
Let x(o) = -14*o - 548. Determine x(-39).
-2
Let w(h) = -8*h**2 - 69*h + 20. Give w(-9).
-7
Let x(z) = 2*z - 47. What is x(14)?
-19
Let j(i) = 3*i + 2. Calculate j(-4).
-10
Let y(g) = -g**2 - 9*g - 72. Give y(-10).
-82
Let g(w) = w - 14. Determine g(4).
-10
Let f(n) = n**3 + 5*n**2 - 18*n - 69. Determine f(-6).
3
Let m(k) = 2*k**2 - 8*k - 6. Calculate m(6).
18
Let w(o) = o**2 + 8*o + 2. Calculate w(-10).
22
Let d(i) = 2*i**2 - i + 4. What is d(2)?
10
Let p(v) = 5*v - 2. What is p(6)?
28
Let r(i) = -5*i**2 + 2*i - 3. Give r(1).
-6
Let k(u) = -5*u - 39. Give k(-8).
1
Let s(p) = -p**2 + p + 13. Determine s(6).
-17
Let l(p) = -p**3 + 6*p**2 + 4*p + 22. Determine l(7).
1
Let f(p) = -p**2 - 3*p - 1. Give f(-5).
-11
Let t(z) = -3*z**2 + 4*z - 1. Determine t(6).
-85
Let h(t) = -t**3 + 16*t**2 - 15*t + 4. What is h(15)?
4
Let g(c) = -c**3 - 13*c**2 + 15*c - 1. Calculate g(-14).
-15
Let f(j) = 2*j**2 - 22*j + 17. Give f(10).
-3
Let y(a) = -3*a - 56. Give y(-24).
16
Let m(u) = u**2 - 4*u + 3. Determine m(5).
8
Let p(s) = 141*s + 7. Calculate p(1).
148
Let u(k) = -2*k**2 + 15*k - 16. Give u(5).
9
Let r(h) = h + 47. Determine r(-28).
19
Let b(k) = k**2 - 2*k + 1. What is b(3)?
4
Let x(m) = -6*m + 59. Give x(7).
17
Let q(c) = c**3 + 5*c**2 - 5*c + 3. Calculate q(-6).
-3
Let b(g) = -16*g + 223. What is b(14)?
-